. List the prime factors of g.
2, 5, 43
Let y(c) = -c**3 + 3*c**2 - 3*c - 5. Suppose v = 2*k + k - 19, 1 = -4*v - 3*k. List the prime factors of y(v).
7, 17
Suppose -w = 3*w + g - 33, -w + 7 = -g. What are the prime factors of w?
2
Suppose -27 = -w - 2*w. Let s(t) = t + 3. Let z be s(w). What are the prime factors of -3 - (-99)/(z/4)?
2, 3, 5
Suppose -3*m + 4*t + 32 = m, 0 = -t - 4. Let c be (-5)/(-1*(m + -5)). Let q = -2 - c. What are the prime factors of q?
3
Suppose -3*f = -5*f + 8. Suppose f*c + 5 = 9*c. Suppose -3*s - c = -22. What are the prime factors of s?
7
Suppose -h - 7445 = -18*c + 15*c, c - 2470 = -2*h. What are the prime factors of c?
2, 5, 31
Let b = -98 - -125. What are the prime factors of (5418/b)/((-4)/(-6))?
7, 43
List the prime factors of (-1)/(-9) + (-270560)/(-144).
1879
Suppose 36 = -3*o - 6*o. What are the prime factors of ((-15)/10)/(o/16)?
2, 3
Suppose 0*x = 2*x - 5*b - 266, -4*x = -5*b - 542. Let g be x - 1/(1/(-2)). Suppose -140 = -5*v + 3*f, -5*v + f - 2*f + g = 0. List the prime factors of v.
2, 7
Suppose -2770*x + 2780*x - 28920 = 0. What are the prime factors of x?
2, 3, 241
Let i = -50 + 32. What are the prime factors of ((-192)/(-36))/((-1)/i)?
2, 3
Let c = 4 - -4. Suppose 10*t - 236 = c*t. List the prime factors of t.
2, 59
Let b(m) = m**2 - 14*m - 3. Let a be b(15). List the prime factors of (-7)/((-21)/a) - -16.
2, 5
List the prime factors of 18904/48 + (-2)/(-12).
2, 197
Let x(n) be the second derivative of -n**5/20 - n**4/4 - n**3/6 - 3*n**2/2 + 6*n. Let o be x(-3). Suppose o = q - 35 + 2. What are the prime factors of q?
3, 11
Suppose -4*l = -2*s - 68, -l = l - 6. Let o be 30/4*s/(-35). Suppose -3*p + 18 = o. List the prime factors of p.
2
Suppose -3 = -y + 1. Suppose -54 = -y*u + 2*q, -2*u + q = u - 42. List the prime factors of u.
3, 5
Suppose -3*r + 13 = -5. Suppose 3*n = -2*q - r, 4*q + n + 10 = -4*n. Suppose -4*k + 3*k + 45 = q. What are the prime factors of k?
3, 5
Let x be ((-10)/4)/(2/(-196)). Suppose 7*k = 2*k + x. What are the prime factors of k?
7
What are the prime factors of 32/(-24)*(-2601)/6?
2, 17
Let a = -1 + 6. Suppose 0 = a*x + 3*s - 154, -8 = -0*s + 4*s. List the prime factors of (x/(-8))/(1/(-6)).
2, 3
What are the prime factors of (-2200)/(-15)*(0 + (-135)/(-20))?
2, 3, 5, 11
Suppose -8*y - 1 = -25. Suppose 3*b + y*g = -282, -3*g = b - 1 + 97. Let o = b - -135. What are the prime factors of o?
2, 3, 7
Let l(p) = p**2 + 9*p + 4. Let h be (-768)/54 - (-6)/27. Let a = h - -3. What are the prime factors of l(a)?
2, 13
Let y(v) = -v**3 + 13*v**2 + 21*v + 18. Let m(n) = -n**3 - 5*n**2 + 2*n - 10. Let f be m(-6). List the prime factors of y(f).
2, 29
Let a be 1 + (3 - -1) - 3. Suppose 0 = -3*o - 0*o + 5*d - 103, -o + a*d = 34. Let u = -22 - o. List the prime factors of u.
2, 7
Suppose -5*a - 31 = 29. Let q = 42 + a. What are the prime factors of q?
2, 3, 5
Let w be -6*(-1 + 0) - -1. Suppose 4*m = 5*n - w, 0*m - m = -3*n - 7. What are the prime factors of (-6)/(-2 + 5)*m?
2
Let n(x) = x**3 - 17*x**2 - 19*x + 13. Let s be n(18). Let b = -14 - s. Let t(a) = -8*a - 19. List the prime factors of t(b).
53
Let i(h) = 10*h**2 + 11*h + 191. What are the prime factors of i(-20)?
11, 19
Suppose -k = -5 + 4. Suppose -5 = 3*b + k. List the prime factors of ((-1)/2)/(b/96).
2, 3
Let b = -10 + 11. Let h = b - -47. What are the prime factors of h?
2, 3
Let k = -3 + -1. Let q(z) = -z**3 - 4*z**2 - 2*z - 3. Let i be q(k). Suppose 40 = 5*x - x - 2*h, i*h = -5*x + 35. List the prime factors of x.
3
Let w(n) = 100*n + 2. Let m be w(1). Suppose 3*r - m - 297 = 3*v, 0 = -v. What are the prime factors of r?
7, 19
List the prime factors of (-45)/10*(-256)/2.
2, 3
Suppose -m = 3*s - 1329, 5*s = 7*m - 6*m - 1361. What are the prime factors of m?
3, 149
Let t(f) = f + 1 + 0 + 1 + 53*f. What are the prime factors of t(3)?
2, 41
Suppose -2*v + 5 = -3. Suppose f = 2*f - v. List the prime factors of (-80)/(-15)*(f + -1).
2
Suppose 0 = 66*f - 124*f + 20416. List the prime factors of f.
2, 11
Let p = 588 - -995. What are the prime factors of p?
1583
Let p = -2 - -12. Let u(z) = -z**2 - p*z - 4 - 1 - 1. List the prime factors of u(-5).
19
Let x(l) = -2*l**3 - 3*l**2 - 2*l - 4. Let h be x(-2). Suppose -4*r = h*a - 364, a - 279 = -2*a - r. What are the prime factors of a?
2, 47
Let p(k) be the first derivative of -k**2/2 + 9*k - 1. Suppose 8*c - 14 + 54 = 0. List the prime factors of p(c).
2, 7
Let n(k) = 35*k - 8. Let s(q) = -35*q + 8. Let r(f) = -5*n(f) - 6*s(f). List the prime factors of r(2).
2, 31
Suppose -6*x + 6215 = 5*r - x, 2*x = 0. List the prime factors of r.
11, 113
Let x = -370 + 2629. List the prime factors of x.
3, 251
Suppose 15*q = 13*q + 30. Suppose 4*m - 3*k = -q, -6 - 4 = m - 2*k. Let p = m + 13. List the prime factors of p.
13
Let n = -19 + 561. List the prime factors of n.
2, 271
Suppose 707*g - 711*g + 624 = 0. List the prime factors of g.
2, 3, 13
Let t = 4 + 13. Suppose -36 - t = -y. What are the prime factors of y?
53
Let g(n) = -92*n - 15. List the prime factors of g(-8).
7, 103
Let m(c) = 12*c**2 + 1. Suppose -3*k + 4*y = -11, 5*k + y - 9 = 3*y. Suppose b - 8 + k = o, 5*o + 21 = -2*b. What are the prime factors of m(b)?
7
Suppose -5 = a - 8. Suppose -2*p = -d - 4*d + 435, a*p = -15. List the prime factors of d.
5, 17
Suppose 6*a - 254 = -20. List the prime factors of a.
3, 13
Let f = 4 + 7. Suppose f*k - 661 - 307 = 0. What are the prime factors of k?
2, 11
Suppose 4*l = 20 - 12. Let q be 12/7*(l + 5). Suppose 33 + q = 3*c. List the prime factors of c.
3, 5
Suppose -4*k - 5*n = -3*k - 94, 0 = k + 3*n - 102. Suppose -4*t - k = -w, 223 + 233 = 4*w - 4*t. What are the prime factors of w?
2, 3, 19
Let p(q) be the first derivative of -35*q**2/2 - 5*q + 1. What are the prime factors of p(-3)?
2, 5
Let n(h) = 9*h**2 - 2*h + 1 + 2*h + 3*h - 8 - h**3. Suppose -36 = -4*b - 0*b. List the prime factors of n(b).
2, 5
Suppose 0 = 6*w - 19 - 5. Suppose 3*h - 385 = 5*y - 1037, 3*y - w*h = 400. What are the prime factors of y?
2
Suppose 223*b = 228*b - 1915. List the prime factors of b.
383
Let n be (14/4 - 3)*-298. Let k = n - -353. What are the prime factors of k?
2, 3, 17
Let f be 13/(-52) - 34/(-8). Suppose -3*q + 102 = 3*x, f*q + x = 71 + 59. What are the prime factors of q?
2
Let q(y) be the second derivative of y**4/12 - 2*y**3 - 15*y**2/2 + 8*y. Let x(k) = k + 10. Let o be x(4). List the prime factors of q(o).
13
Let j = -30 - -69. Let h = -29 + j. List the prime factors of h.
2, 5
Suppose 0 = 7*b - 6779 + 948. What are the prime factors of b?
7, 17
Suppose 0*v - 3*v = 0. Suppose v = -3*b - 3*h - 3, -4*b - 3*h = 2*h + 7. Suppose g + b*g = 72. What are the prime factors of g?
2, 3
Suppose c - 10 = -2*z + 3, -20 = -5*c - z. Let l be 1*(2 - (-3 + 2)). Suppose -1 = -y - l*h, -43 = -c*y - 3*h + 2*h. List the prime factors of y.
2
Let b = 374 - 237. Suppose -125 = -u - 4*d, b = u + d - 0*d. List the prime factors of u.
3, 47
Let n(z) = -3*z - 5*z**2 - 5*z**2 + 2 + 11*z**2. Let g be n(2). Suppose -2*v + 0*v + 23 = -m, g = -3*m - 15. List the prime factors of v.
3
Let x(f) = 6*f - 17. Let c(v) = v + 1. Let p(l) = 3*c(l) + x(l). List the prime factors of p(4).
2, 11
Suppose -2*p - 2*p - 28 = 0. Let d(c) = c**2 + 9*c + 7. Let y be d(p). List the prime factors of y/(-2)*(-80)/(-28).
2, 5
Suppose 162 + 363 = -5*o. Let z = o - -273. Suppose k - 3*n + z = 4*k, 38 = k - 5*n. What are the prime factors of k?
53
Let w = -17 + 21. Suppose -w*c = -8*c + 136. Suppose -8 = -i - o + c, o = 4*i - 188. What are the prime factors of i?
2, 23
Let w = -4 - -10. Let z(a) = -a**2 + 18*a + 4. What are the prime factors of z(w)?
2, 19
Suppose 2*x - y + 306 - 872 = 0, 4*y = 0. List the prime factors of x.
283
Suppose 0 = 11*g - 5*g - 3078. What are the prime factors of g?
3, 19
Suppose 13*t - 17*t + 3244 = 0. List the prime factors of t.
811
Suppose 20*o - 23*o - 21 = 0. Let x(y) = y**3 + 8*y**2 + 8*y + 16. What are the prime factors of x(o)?
3
What are the prime factors of 67210/52*6/3?
5, 11, 47
List the prime factors of (11 - (-354 + -5))/((-2)/(-5)).
5, 37
Suppose 0 = -5*k - s + 4*s + 2070, -3*k + 2*s = -1243. What are the prime factors of k?
3, 137
Let p = 2264 - -217. List the prime factors of p.
3, 827
Suppose -2*t + 4*h + 56